{"id":14,"date":"2016-11-15T10:50:30","date_gmt":"2016-11-15T10:50:30","guid":{"rendered":"http:\/\/tatabuilding.hu\/?page_id=14"},"modified":"2017-01-04T12:57:32","modified_gmt":"2017-01-04T12:57:32","slug":"szolgaltatasok","status":"publish","type":"page","link":"https:\/\/ravent.hu\/?page_id=14","title":{"rendered":"Szolg\u00e1ltat\u00e1sok"},"content":{"rendered":"<div class=\"wpb-content-wrapper\"><p>[vc_row][vc_column][vc_separator css=&#8221;.vc_custom_1479755221026{margin-top: 10px !important;margin-bottom: 10px !important;}&#8221;][\/vc_column][\/vc_row][vc_row css=&#8221;.vc_custom_1479752375088{padding-top: 0px !important;padding-right: 0px !important;padding-bottom: 0px !important;padding-left: 0px !important;}&#8221;][vc_column width=&#8221;1\/2&#8243; css=&#8221;.vc_custom_1479752388151{margin-top: 0px !important;margin-right: 0px !important;margin-bottom: 0px !important;margin-left: 0px !important;border-top-width: 0px !important;border-right-width: 0px !important;border-bottom-width: 0px !important;border-left-width: 0px !important;padding-top: 0px !important;padding-right: 0px !important;padding-bottom: 0px !important;padding-left: 0px !important;}&#8221;][vc_row_inner][vc_column_inner width=&#8221;1\/4&#8243; css=&#8221;.vc_custom_1479753119258{margin-top: -10px !important;margin-right: 0px !important;margin-bottom: -10px !important;margin-left: 0px !important;border-top-width: 0px !important;border-right-width: 0px !important;border-bottom-width: 0px !important;border-left-width: 0px !important;padding-top: 0px !important;padding-right: 0px !important;padding-bottom: 0px !important;padding-left: 0px !important;}&#8221;][vc_icon icon_fontawesome=&#8221;fa fa-check-square-o&#8221; size=&#8221;xs&#8221; align=&#8221;right&#8221; css=&#8221;.vc_custom_1479753290738{margin-top: -10px !important;margin-bottom: -10px !important;}&#8221;][\/vc_column_inner][vc_column_inner width=&#8221;3\/4&#8243; css=&#8221;.vc_custom_1479752848947{margin-top: 0px !important;margin-right: 0px !important;margin-bottom: -15px !important;margin-left: 0px !important;padding-top: 0px !important;padding-right: 0px !important;padding-bottom: 0px !important;padding-left: 0px !important;}&#8221;][vc_column_text css=&#8221;.vc_custom_1480682425658{margin-top: 0px !important;}&#8221;]Ipari porlev\u00e1laszt\u00f3 berendez\u00e9sek[\/vc_column_text][\/vc_column_inner][\/vc_row_inner][vc_row_inner][vc_column_inner width=&#8221;1\/4&#8243; css=&#8221;.vc_custom_1479753119258{margin-top: -10px !important;margin-right: 0px !important;margin-bottom: -10px !important;margin-left: 0px !important;border-top-width: 0px !important;border-right-width: 0px !important;border-bottom-width: 0px !important;border-left-width: 0px !important;padding-top: 0px !important;padding-right: 0px !important;padding-bottom: 0px !important;padding-left: 0px !important;}&#8221;][vc_icon icon_fontawesome=&#8221;fa fa-check-square-o&#8221; size=&#8221;xs&#8221; align=&#8221;right&#8221; css=&#8221;.vc_custom_1479753290738{margin-top: -10px !important;margin-bottom: -10px !important;}&#8221;][\/vc_column_inner][vc_column_inner width=&#8221;3\/4&#8243; css=&#8221;.vc_custom_1479752848947{margin-top: 0px !important;margin-right: 0px !important;margin-bottom: -15px !important;margin-left: 0px !important;padding-top: 0px !important;padding-right: 0px !important;padding-bottom: 0px !important;padding-left: 0px !important;}&#8221;][vc_column_text css=&#8221;.vc_custom_1480682688159{margin-top: 0px !important;}&#8221;]Porelsz\u00edv\u00f3, porsz\u00e1ll\u00edt\u00f3 rendszerek szak\u00e9rt\u00e9se, tervez\u00e9se \u00e9s kivitelez\u00e9se[\/vc_column_text][\/vc_column_inner][\/vc_row_inner][vc_row_inner][vc_column_inner width=&#8221;1\/4&#8243; css=&#8221;.vc_custom_1479753119258{margin-top: -10px !important;margin-right: 0px !important;margin-bottom: -10px !important;margin-left: 0px !important;border-top-width: 0px !important;border-right-width: 0px !important;border-bottom-width: 0px !important;border-left-width: 0px !important;padding-top: 0px !important;padding-right: 0px !important;padding-bottom: 0px !important;padding-left: 0px !important;}&#8221;][vc_icon icon_fontawesome=&#8221;fa fa-check-square-o&#8221; size=&#8221;xs&#8221; align=&#8221;right&#8221; css=&#8221;.vc_custom_1479753290738{margin-top: -10px !important;margin-bottom: -10px !important;}&#8221;][\/vc_column_inner][vc_column_inner width=&#8221;3\/4&#8243; css=&#8221;.vc_custom_1479752848947{margin-top: 0px !important;margin-right: 0px !important;margin-bottom: -15px !important;margin-left: 0px !important;padding-top: 0px !important;padding-right: 0px !important;padding-bottom: 0px !important;padding-left: 0px !important;}&#8221;][vc_column_text css=&#8221;.vc_custom_1480682447842{margin-top: 0px !important;}&#8221;]Ipari kl\u00edmatechnika[\/vc_column_text][\/vc_column_inner][\/vc_row_inner][vc_row_inner][vc_column_inner width=&#8221;1\/4&#8243; css=&#8221;.vc_custom_1479753119258{margin-top: -10px !important;margin-right: 0px !important;margin-bottom: -10px !important;margin-left: 0px !important;border-top-width: 0px !important;border-right-width: 0px !important;border-bottom-width: 0px !important;border-left-width: 0px !important;padding-top: 0px !important;padding-right: 0px !important;padding-bottom: 0px !important;padding-left: 0px !important;}&#8221;][vc_icon icon_fontawesome=&#8221;fa fa-check-square-o&#8221; size=&#8221;xs&#8221; align=&#8221;right&#8221; css=&#8221;.vc_custom_1479753290738{margin-top: -10px !important;margin-bottom: -10px !important;}&#8221;][\/vc_column_inner][vc_column_inner width=&#8221;3\/4&#8243; css=&#8221;.vc_custom_1479752848947{margin-top: 0px !important;margin-right: 0px !important;margin-bottom: -15px !important;margin-left: 0px !important;padding-top: 0px !important;padding-right: 0px !important;padding-bottom: 0px !important;padding-left: 0px !important;}&#8221;][vc_column_text css=&#8221;.vc_custom_1479754210845{margin-top: 0px !important;}&#8221;]Megl\u00e9v\u0151 rendszerek fel\u00fclvizsg\u00e1lata, \u00e1talak\u00edt\u00e1sa, b\u0151v\u00edt\u00e9se[\/vc_column_text][\/vc_column_inner][\/vc_row_inner][vc_row_inner][vc_column_inner width=&#8221;1\/4&#8243; css=&#8221;.vc_custom_1479753119258{margin-top: -10px !important;margin-right: 0px !important;margin-bottom: -10px !important;margin-left: 0px !important;border-top-width: 0px !important;border-right-width: 0px !important;border-bottom-width: 0px !important;border-left-width: 0px !important;padding-top: 0px !important;padding-right: 0px !important;padding-bottom: 0px !important;padding-left: 0px !important;}&#8221;][vc_icon icon_fontawesome=&#8221;fa fa-check-square-o&#8221; size=&#8221;xs&#8221; align=&#8221;right&#8221; css=&#8221;.vc_custom_1479753290738{margin-top: -10px !important;margin-bottom: -10px !important;}&#8221;][\/vc_column_inner][vc_column_inner width=&#8221;3\/4&#8243; css=&#8221;.vc_custom_1479752848947{margin-top: 0px !important;margin-right: 0px !important;margin-bottom: -15px !important;margin-left: 0px !important;padding-top: 0px !important;padding-right: 0px !important;padding-bottom: 0px !important;padding-left: 0px !important;}&#8221;][vc_column_text css=&#8221;.vc_custom_1483534651409{margin-top: 0px !important;}&#8221;]Tartal\u00e9k alkatr\u00e9szek gy\u00e1rt\u00e1sa[\/vc_column_text][\/vc_column_inner][\/vc_row_inner][vc_row_inner][vc_column_inner width=&#8221;1\/4&#8243; css=&#8221;.vc_custom_1479753119258{margin-top: -10px !important;margin-right: 0px !important;margin-bottom: -10px !important;margin-left: 0px !important;border-top-width: 0px !important;border-right-width: 0px !important;border-bottom-width: 0px !important;border-left-width: 0px !important;padding-top: 0px !important;padding-right: 0px !important;padding-bottom: 0px !important;padding-left: 0px !important;}&#8221;][vc_icon icon_fontawesome=&#8221;fa fa-check-square-o&#8221; size=&#8221;xs&#8221; align=&#8221;right&#8221; css=&#8221;.vc_custom_1479753290738{margin-top: -10px !important;margin-bottom: -10px !important;}&#8221;][\/vc_column_inner][vc_column_inner width=&#8221;3\/4&#8243; css=&#8221;.vc_custom_1479752848947{margin-top: 0px !important;margin-right: 0px !important;margin-bottom: -15px !important;margin-left: 0px !important;padding-top: 0px !important;padding-right: 0px !important;padding-bottom: 0px !important;padding-left: 0px !important;}&#8221;][vc_column_text css=&#8221;.vc_custom_1480682881622{margin-top: 0px !important;}&#8221;]Portechnikai rendszerelemek egyedi\u00a0gy\u00e1rt\u00e1sa[\/vc_column_text][\/vc_column_inner][\/vc_row_inner][vc_row_inner][vc_column_inner width=&#8221;1\/4&#8243; css=&#8221;.vc_custom_1479753119258{margin-top: -10px !important;margin-right: 0px !important;margin-bottom: -10px !important;margin-left: 0px !important;border-top-width: 0px !important;border-right-width: 0px !important;border-bottom-width: 0px !important;border-left-width: 0px !important;padding-top: 0px !important;padding-right: 0px !important;padding-bottom: 0px !important;padding-left: 0px !important;}&#8221;][vc_icon icon_fontawesome=&#8221;fa fa-check-square-o&#8221; size=&#8221;xs&#8221; align=&#8221;right&#8221; css=&#8221;.vc_custom_1479753290738{margin-top: -10px !important;margin-bottom: -10px !important;}&#8221;][\/vc_column_inner][vc_column_inner width=&#8221;3\/4&#8243; css=&#8221;.vc_custom_1479752848947{margin-top: 0px !important;margin-right: 0px !important;margin-bottom: -15px !important;margin-left: 0px !important;padding-top: 0px !important;padding-right: 0px !important;padding-bottom: 0px !important;padding-left: 0px !important;}&#8221;][vc_column_text css=&#8221;.vc_custom_1483534623003{margin-top: 0px !important;}&#8221;]Porlev\u00e1laszt\u00f3 sz\u0171r\u0151zs\u00e1kok \u00e9s sz\u0171r\u0151t\u00e1sk\u00e1k gy\u00e1rt\u00e1sa[\/vc_column_text][\/vc_column_inner][\/vc_row_inner][\/vc_column][vc_column width=&#8221;1\/2&#8243;][vc_row_inner][vc_column_inner width=&#8221;1\/4&#8243; css=&#8221;.vc_custom_1479753119258{margin-top: -10px !important;margin-right: 0px !important;margin-bottom: -10px !important;margin-left: 0px !important;border-top-width: 0px !important;border-right-width: 0px !important;border-bottom-width: 0px !important;border-left-width: 0px !important;padding-top: 0px !important;padding-right: 0px !important;padding-bottom: 0px !important;padding-left: 0px !important;}&#8221;][vc_icon icon_fontawesome=&#8221;fa fa-check-square-o&#8221; size=&#8221;xs&#8221; align=&#8221;right&#8221; css=&#8221;.vc_custom_1479753290738{margin-top: -10px !important;margin-bottom: -10px !important;}&#8221;][\/vc_column_inner][vc_column_inner width=&#8221;3\/4&#8243; css=&#8221;.vc_custom_1479752848947{margin-top: 0px !important;margin-right: 0px !important;margin-bottom: -15px !important;margin-left: 0px !important;padding-top: 0px !important;padding-right: 0px !important;padding-bottom: 0px !important;padding-left: 0px !important;}&#8221;][vc_column_text css=&#8221;.vc_custom_1479754278323{margin-top: 0px !important;}&#8221;]Hangcsillap\u00edt\u00f3 burkolatok, zaj- \u00e9s rezg\u00e9sv\u00e9delem[\/vc_column_text][\/vc_column_inner][\/vc_row_inner][vc_row_inner][vc_column_inner width=&#8221;1\/4&#8243; css=&#8221;.vc_custom_1479753119258{margin-top: -10px !important;margin-right: 0px !important;margin-bottom: -10px !important;margin-left: 0px !important;border-top-width: 0px !important;border-right-width: 0px !important;border-bottom-width: 0px !important;border-left-width: 0px !important;padding-top: 0px !important;padding-right: 0px !important;padding-bottom: 0px !important;padding-left: 0px !important;}&#8221;][vc_icon icon_fontawesome=&#8221;fa fa-check-square-o&#8221; size=&#8221;xs&#8221; align=&#8221;right&#8221; css=&#8221;.vc_custom_1479753290738{margin-top: -10px !important;margin-bottom: -10px !important;}&#8221;][\/vc_column_inner][vc_column_inner width=&#8221;3\/4&#8243; css=&#8221;.vc_custom_1479752848947{margin-top: 0px !important;margin-right: 0px !important;margin-bottom: -15px !important;margin-left: 0px !important;padding-top: 0px !important;padding-right: 0px !important;padding-bottom: 0px !important;padding-left: 0px !important;}&#8221;][vc_column_text css=&#8221;.vc_custom_1479754288110{margin-top: 0px !important;}&#8221;]Ipari csarnokok f\u0171t\u00e9se, h\u0171t\u00e9se, szell\u0151ztet\u00e9se[\/vc_column_text][\/vc_column_inner][\/vc_row_inner][vc_row_inner][vc_column_inner width=&#8221;1\/4&#8243; css=&#8221;.vc_custom_1479753119258{margin-top: -10px !important;margin-right: 0px !important;margin-bottom: -10px !important;margin-left: 0px !important;border-top-width: 0px !important;border-right-width: 0px !important;border-bottom-width: 0px !important;border-left-width: 0px !important;padding-top: 0px !important;padding-right: 0px !important;padding-bottom: 0px !important;padding-left: 0px !important;}&#8221;][vc_icon icon_fontawesome=&#8221;fa fa-check-square-o&#8221; size=&#8221;xs&#8221; align=&#8221;right&#8221; css=&#8221;.vc_custom_1479753290738{margin-top: -10px !important;margin-bottom: -10px !important;}&#8221;][\/vc_column_inner][vc_column_inner width=&#8221;3\/4&#8243; css=&#8221;.vc_custom_1479752848947{margin-top: 0px !important;margin-right: 0px !important;margin-bottom: -15px !important;margin-left: 0px !important;padding-top: 0px !important;padding-right: 0px !important;padding-bottom: 0px !important;padding-left: 0px !important;}&#8221;][vc_column_text css=&#8221;.vc_custom_1479754320950{margin-top: 0px !important;}&#8221;]Nagy l\u00e9gter\u0171 meleg\u00fczemi csarnokok helyi komfortjav\u00edt\u00e1sa un. hidegleveg\u0151 el\u00e1raszt\u00e1sos technol\u00f3gi\u00e1val[\/vc_column_text][\/vc_column_inner][\/vc_row_inner][vc_row_inner][vc_column_inner width=&#8221;1\/4&#8243; css=&#8221;.vc_custom_1479753119258{margin-top: -10px !important;margin-right: 0px !important;margin-bottom: -10px !important;margin-left: 0px !important;border-top-width: 0px !important;border-right-width: 0px !important;border-bottom-width: 0px !important;border-left-width: 0px !important;padding-top: 0px !important;padding-right: 0px !important;padding-bottom: 0px !important;padding-left: 0px !important;}&#8221;][vc_icon icon_fontawesome=&#8221;fa fa-check-square-o&#8221; size=&#8221;xs&#8221; align=&#8221;right&#8221; css=&#8221;.vc_custom_1479753290738{margin-top: -10px !important;margin-bottom: -10px !important;}&#8221;][\/vc_column_inner][vc_column_inner width=&#8221;3\/4&#8243; css=&#8221;.vc_custom_1479752848947{margin-top: 0px !important;margin-right: 0px !important;margin-bottom: -15px !important;margin-left: 0px !important;padding-top: 0px !important;padding-right: 0px !important;padding-bottom: 0px !important;padding-left: 0px !important;}&#8221;][vc_column_text css=&#8221;.vc_custom_1479754329756{margin-top: 0px !important;}&#8221;]Teljesk\u00f6r\u0171 m\u00e9rn\u00f6ki szolg\u00e1ltat\u00e1sok, l\u00e9gtechnikai helysz\u00edni m\u00e9r\u00e9sek, m\u00e9rn\u00f6ktan\u00e1csad\u00e1s, tervez\u00e9s[\/vc_column_text][\/vc_column_inner][\/vc_row_inner][vc_row_inner][vc_column_inner width=&#8221;1\/4&#8243; css=&#8221;.vc_custom_1479753119258{margin-top: -10px !important;margin-right: 0px !important;margin-bottom: -10px !important;margin-left: 0px !important;border-top-width: 0px !important;border-right-width: 0px !important;border-bottom-width: 0px !important;border-left-width: 0px !important;padding-top: 0px !important;padding-right: 0px !important;padding-bottom: 0px !important;padding-left: 0px !important;}&#8221;][vc_icon icon_fontawesome=&#8221;fa fa-check-square-o&#8221; size=&#8221;xs&#8221; align=&#8221;right&#8221; css=&#8221;.vc_custom_1479753290738{margin-top: -10px !important;margin-bottom: -10px !important;}&#8221;][\/vc_column_inner][vc_column_inner width=&#8221;3\/4&#8243; css=&#8221;.vc_custom_1479752848947{margin-top: 0px !important;margin-right: 0px !important;margin-bottom: -15px !important;margin-left: 0px !important;padding-top: 0px !important;padding-right: 0px !important;padding-bottom: 0px !important;padding-left: 0px !important;}&#8221;][vc_column_text css=&#8221;.vc_custom_1479754363046{margin-top: 0px !important;}&#8221;]Egyedi probl\u00e9m\u00e1k megold\u00e1sa[\/vc_column_text][\/vc_column_inner][\/vc_row_inner][\/vc_column][\/vc_row][vc_row css=&#8221;.vc_custom_1479755109482{padding-top: 50px !important;padding-right: 50px !important;padding-bottom: 50px !important;padding-left: 50px !important;}&#8221;][vc_column][vc_column_text css_animation=&#8221;right-to-left&#8221;]<span style=\"color: #777777;\">V\u00e1llaljuk b\u00e1rmely t\u00edpus\u00fa porlev\u00e1laszt\u00f3 sz\u0171r\u0151zs\u00e1kjainak, sz\u0171r\u0151t\u00f6ml\u0151inek legy\u00e1rt\u00e1s\u00e1t, ak\u00e1r minta alapj\u00e1n is. Az alapanyagk\u00e9nt felhaszn\u00e1lt poli\u00e9szter, polipropil\u00e9n, poliakril-nitril, \u00e9s nomex t\u0171filcek sz\u00e9ls\u0151s\u00e9ges vegyi \u00e9s h\u0151m\u00e9rs\u00e9kleti viszonyok k\u00f6z\u00f6tt alkalmazhat\u00f3ak kiv\u00e1l\u00f3 sz\u0171r\u00e9si tulajdons\u00e1gokkal. A helyi k\u00f6vetelm\u00e9nyekhez illesztett fel\u00fcletkezel\u00e9si m\u00f3dszereink jelent\u0151sen megn\u00f6velik a sz\u0171r\u0151bet\u00e9tek \u00e9lettartam\u00e1t.<\/span>[\/vc_column_text][\/vc_column][\/vc_row]<\/p>\n<\/div>","protected":false},"excerpt":{"rendered":"<p>[vc_row][vc_column][vc_separator css=&#8221;.vc_custom_1479755221026{margin-top: 10px !important;margin-bottom: 10px !important;}&#8221;][\/vc_column][\/vc_row][vc_row css=&#8221;.vc_custom_1479752375088{padding-top: 0px !important;padding-right: 0px !important;padding-bottom: 0px !important;padding-left: 0px !important;}&#8221;][vc_column width=&#8221;1\/2&#8243; css=&#8221;.vc_custom_1479752388151{margin-top: 0px !important;margin-right: 0px !important;margin-bottom: 0px !important;margin-left: 0px !important;border-top-width: 0px !important;border-right-width: 0px !important;border-bottom-width: 0px !important;border-left-width: 0px !important;padding-top: 0px !important;padding-right: 0px !important;padding-bottom: 0px !important;padding-left: 0px !important;}&#8221;][vc_row_inner][vc_column_inner width=&#8221;1\/4&#8243; css=&#8221;.vc_custom_1479753119258{margin-top: -10px !important;margin-right: 0px !important;margin-bottom: -10px !important;margin-left: 0px !important;border-top-width: 0px !important;border-right-width: 0px !important;border-bottom-width:&#8230;<\/p>\n","protected":false},"author":1,"featured_media":0,"parent":0,"menu_order":0,"comment_status":"closed","ping_status":"closed","template":"","meta":{"footnotes":""},"class_list":["post-14","page","type-page","status-publish","hentry"],"_links":{"self":[{"href":"https:\/\/ravent.hu\/index.php?rest_route=\/wp\/v2\/pages\/14","targetHints":{"allow":["GET"]}}],"collection":[{"href":"https:\/\/ravent.hu\/index.php?rest_route=\/wp\/v2\/pages"}],"about":[{"href":"https:\/\/ravent.hu\/index.php?rest_route=\/wp\/v2\/types\/page"}],"author":[{"embeddable":true,"href":"https:\/\/ravent.hu\/index.php?rest_route=\/wp\/v2\/users\/1"}],"replies":[{"embeddable":true,"href":"https:\/\/ravent.hu\/index.php?rest_route=%2Fwp%2Fv2%2Fcomments&post=14"}],"version-history":[{"count":50,"href":"https:\/\/ravent.hu\/index.php?rest_route=\/wp\/v2\/pages\/14\/revisions"}],"predecessor-version":[{"id":425,"href":"https:\/\/ravent.hu\/index.php?rest_route=\/wp\/v2\/pages\/14\/revisions\/425"}],"wp:attachment":[{"href":"https:\/\/ravent.hu\/index.php?rest_route=%2Fwp%2Fv2%2Fmedia&parent=14"}],"curies":[{"name":"wp","href":"https:\/\/api.w.org\/{rel}","templated":true}]}}