{"id":18,"date":"2016-11-15T10:52:13","date_gmt":"2016-11-15T10:52:13","guid":{"rendered":"http:\/\/tatabuilding.hu\/?page_id=18"},"modified":"2016-11-20T14:14:19","modified_gmt":"2016-11-20T14:14:19","slug":"zajvedelem","status":"publish","type":"page","link":"https:\/\/ravent.hu\/?page_id=18","title":{"rendered":"Zajv\u00e9delem"},"content":{"rendered":"<div class=\"wpb-content-wrapper\"><p>[vc_row][vc_column width=&#8221;1\/4&#8243;][vc_single_image image=&#8221;238&#8243; img_size=&#8221;full&#8221; css_animation=&#8221;appear&#8221;][vc_column_text css_animation=&#8221;left-to-right&#8221;]<\/p>\n<p style=\"text-align: left;\">Transzport ventil\u00e1tor zajv\u00e9d\u0151 kabinban. A kabin a motorh\u0171t\u00e9s miatt k\u00fcl\u00f6n szell\u0151z\u0151 rendszerrel van ell\u00e1tva.<\/p>\n<p>[\/vc_column_text][\/vc_column][vc_column width=&#8221;1\/4&#8243;][vc_single_image image=&#8221;237&#8243; img_size=&#8221;full&#8221; css_animation=&#8221;appear&#8221;][vc_column_text css_animation=&#8221;left-to-right&#8221;]Ipari csarnok tet\u0151szell\u0151z\u0151 ventil\u00e1tora zajcsillap\u00edt\u00f3 sz\u00edv\u00f3dobozra \u00e9p\u00edtve.[\/vc_column_text][\/vc_column][vc_column width=&#8221;1\/4&#8243;][vc_single_image image=&#8221;236&#8243; img_size=&#8221;full&#8221; css_animation=&#8221;appear&#8221;][vc_column_text css_animation=&#8221;left-to-right&#8221;]Egyedi, nagynyom\u00e1s\u00fa ipari ventil\u00e1tor a hozz\u00e1 m\u00e9retezett zajcsillap\u00edt\u00f3 kabinban.[\/vc_column_text][\/vc_column][vc_column width=&#8221;1\/4&#8243;][vc_single_image image=&#8221;239&#8243; img_size=&#8221;full&#8221; css_animation=&#8221;appear&#8221;][vc_column_text css_animation=&#8221;left-to-right&#8221;]<\/p>\n<p style=\"text-align: left;\">Ventil\u00e1tor nyom\u00f3oldali hangcsillap\u00edt\u00f3ja labirint-kulissz\u00e1s kivitelben.<\/p>\n<p>[\/vc_column_text][\/vc_column][\/vc_row]<\/p>\n<\/div>","protected":false},"excerpt":{"rendered":"<p>[vc_row][vc_column width=&#8221;1\/4&#8243;][vc_single_image image=&#8221;238&#8243; img_size=&#8221;full&#8221; css_animation=&#8221;appear&#8221;][vc_column_text css_animation=&#8221;left-to-right&#8221;] Transzport ventil\u00e1tor zajv\u00e9d\u0151 kabinban. A kabin a motorh\u0171t\u00e9s miatt k\u00fcl\u00f6n szell\u0151z\u0151 rendszerrel van ell\u00e1tva. [\/vc_column_text][\/vc_column][vc_column width=&#8221;1\/4&#8243;][vc_single_image image=&#8221;237&#8243; img_size=&#8221;full&#8221; css_animation=&#8221;appear&#8221;][vc_column_text css_animation=&#8221;left-to-right&#8221;]Ipari csarnok tet\u0151szell\u0151z\u0151 ventil\u00e1tora zajcsillap\u00edt\u00f3 sz\u00edv\u00f3dobozra \u00e9p\u00edtve.[\/vc_column_text][\/vc_column][vc_column width=&#8221;1\/4&#8243;][vc_single_image image=&#8221;236&#8243; img_size=&#8221;full&#8221; css_animation=&#8221;appear&#8221;][vc_column_text css_animation=&#8221;left-to-right&#8221;]Egyedi, nagynyom\u00e1s\u00fa ipari ventil\u00e1tor a hozz\u00e1 m\u00e9retezett zajcsillap\u00edt\u00f3 kabinban.[\/vc_column_text][\/vc_column][vc_column width=&#8221;1\/4&#8243;][vc_single_image image=&#8221;239&#8243; img_size=&#8221;full&#8221; css_animation=&#8221;appear&#8221;][vc_column_text css_animation=&#8221;left-to-right&#8221;] Ventil\u00e1tor nyom\u00f3oldali hangcsillap\u00edt\u00f3ja labirint-kulissz\u00e1s kivitelben&#8230;.<\/p>\n","protected":false},"author":1,"featured_media":0,"parent":0,"menu_order":0,"comment_status":"closed","ping_status":"closed","template":"","meta":{"footnotes":""},"class_list":["post-18","page","type-page","status-publish","hentry"],"_links":{"self":[{"href":"https:\/\/ravent.hu\/index.php?rest_route=\/wp\/v2\/pages\/18","targetHints":{"allow":["GET"]}}],"collection":[{"href":"https:\/\/ravent.hu\/index.php?rest_route=\/wp\/v2\/pages"}],"about":[{"href":"https:\/\/ravent.hu\/index.php?rest_route=\/wp\/v2\/types\/page"}],"author":[{"embeddable":true,"href":"https:\/\/ravent.hu\/index.php?rest_route=\/wp\/v2\/users\/1"}],"replies":[{"embeddable":true,"href":"https:\/\/ravent.hu\/index.php?rest_route=%2Fwp%2Fv2%2Fcomments&post=18"}],"version-history":[{"count":4,"href":"https:\/\/ravent.hu\/index.php?rest_route=\/wp\/v2\/pages\/18\/revisions"}],"predecessor-version":[{"id":240,"href":"https:\/\/ravent.hu\/index.php?rest_route=\/wp\/v2\/pages\/18\/revisions\/240"}],"wp:attachment":[{"href":"https:\/\/ravent.hu\/index.php?rest_route=%2Fwp%2Fv2%2Fmedia&parent=18"}],"curies":[{"name":"wp","href":"https:\/\/api.w.org\/{rel}","templated":true}]}}