{"id":76,"date":"2016-11-15T14:49:15","date_gmt":"2016-11-15T14:49:15","guid":{"rendered":"http:\/\/tatabuilding.hu\/?page_id=76"},"modified":"2018-03-23T10:45:17","modified_gmt":"2018-03-23T10:45:17","slug":"ravent-ipari-kft","status":"publish","type":"page","link":"https:\/\/ravent.hu\/?page_id=76","title":{"rendered":"Ravent Ipari Kft."},"content":{"rendered":"<div class=\"wpb-content-wrapper\"><p>[vc_row][vc_column][vc_custom_heading text=&#8221;Ravent, a gazdas\u00e1gos \u00e9s hat\u00e9kony megold\u00e1s&#8221; font_container=&#8221;tag:h2|text_align:left|color:%233b81bf&#8221; google_fonts=&#8221;font_family:Arimo%3Aregular%2Citalic%2C700%2C700italic|font_style:400%20regular%3A400%3Anormal&#8221;][vc_column_text]A Ravent Ipari Kft. a porlev\u00e1laszt\u00e1st\u00f3l &#8211; az ipari l\u00e9gtechnik\u00e1n kereszt\u00fcl &#8211; a kl\u00edma technik\u00e1t is mag\u00e1ban foglal\u00f3 feladatok megold\u00e1s\u00e1ra szakosodott, sz\u00e9lesk\u00f6r\u0171 referenci\u00e1kkal rendelkez\u0151\u00a0 szakc\u00e9g. C\u00e9lunk \u00a0a megrendel\u0151 probl\u00e9m\u00e1inak gazdas\u00e1gos, hat\u00e9kony megold\u00e1sa, de ezt nem felt\u00e9tlen\u00fcl \u00faj, k\u00f6lts\u00e9ges beruh\u00e1z\u00e1ssal, hanem egyedi m\u0171szaki megold\u00e1sokkal, esetleg a megl\u00e9v\u0151 berendez\u00e9sek \u00e1talak\u00edt\u00e1s\u00e1val, b\u0151v\u00edt\u00e9s\u00e9vel igyeksz\u00fcnk el\u00e9rni. Eddigi piaci sikereinket, nagyr\u00e9szt ennek a felfog\u00e1sunknak is k\u00f6sz\u00f6nhetj\u00fck.[\/vc_column_text][vc_custom_heading text=&#8221;Magas szint\u0171 gy\u00e1rt\u00e1si kult\u00fara&#8221; font_container=&#8221;tag:h2|text_align:left|color:%233b81bf&#8221; google_fonts=&#8221;font_family:Arimo%3Aregular%2Citalic%2C700%2C700italic|font_style:400%20regular%3A400%3Anormal&#8221;][vc_column_text]Versenyk\u00e9pess\u00e9g\u00fcnk k\u00fcl\u00f6n\u00f6sen az olyan jelleg\u0171 feladatokn\u00e1l mutatkozik meg, melyek a szok\u00e1sosn\u00e1l l\u00e9nyegesen ig\u00e9nyesebb, \u00e1tfog\u00f3bb, \u00e9s speci\u00e1lis ismereteket k\u00edv\u00e1n\u00f3 m\u00e9rn\u00f6ki munk\u00e1val j\u00e1rnak \u00e9s magas szint\u0171 gy\u00e1rt\u00e1si kult\u00far\u00e1t ig\u00e9nyelnek.[\/vc_column_text][vc_row_inner][vc_column_inner width=&#8221;1\/6&#8243;][vc_single_image image=&#8221;201&#8243; img_size=&#8221;medium&#8221; style=&#8221;vc_box_shadow_3d&#8221;][\/vc_column_inner][vc_column_inner width=&#8221;1\/6&#8243;][vc_single_image image=&#8221;203&#8243; img_size=&#8221;medium&#8221; style=&#8221;vc_box_shadow_3d&#8221;][\/vc_column_inner][vc_column_inner width=&#8221;1\/6&#8243;][vc_single_image image=&#8221;149&#8243; img_size=&#8221;medium&#8221; style=&#8221;vc_box_shadow_3d&#8221;][\/vc_column_inner][vc_column_inner width=&#8221;1\/6&#8243;][vc_single_image image=&#8221;237&#8243; img_size=&#8221;medium&#8221; style=&#8221;vc_box_shadow_3d&#8221;][\/vc_column_inner][vc_column_inner width=&#8221;1\/6&#8243;][vc_single_image image=&#8221;218&#8243; img_size=&#8221;medium&#8221; style=&#8221;vc_box_shadow_3d&#8221;][\/vc_column_inner][vc_column_inner width=&#8221;1\/6&#8243;][vc_single_image image=&#8221;214&#8243; img_size=&#8221;medium&#8221; style=&#8221;vc_box_shadow_3d&#8221;][\/vc_column_inner][\/vc_row_inner][vc_custom_heading text=&#8221;Egyedi m\u0171szaki megold\u00e1sok&#8221; font_container=&#8221;tag:h2|text_align:left|color:%233b81bf&#8221; google_fonts=&#8221;font_family:Arimo%3Aregular%2Citalic%2C700%2C700italic|font_style:400%20regular%3A400%3Anormal&#8221;][vc_column_text]Megrendel\u0151ink m\u0171szaki ig\u00e9nyeire\u00a0egyedileg dolgozzuk ki a beruh\u00e1z\u00e1s, \u00fczemeltet\u00e9s, karbantart\u00e1s, energiafelhaszn\u00e1l\u00e1s \u00a0szempontj\u00e1b\u00f3l legmegfelel\u0151bb megold\u00e1sokat.<\/p>\n<p>Rem\u00e9lj\u00fck felkeltett\u00fck \u00e9rdekl\u0151d\u00e9s\u00e9t \u00e9s hamarosan \u00d6n\u00f6ket is megrendel\u0151ink k\u00f6z\u00f6tt \u00fcdv\u00f6z\u00f6lhetj\u00fck.[\/vc_column_text][\/vc_column][\/vc_row]<\/p>\n<\/div>","protected":false},"excerpt":{"rendered":"<p>[vc_row][vc_column][vc_custom_heading text=&#8221;Ravent, a gazdas\u00e1gos \u00e9s hat\u00e9kony megold\u00e1s&#8221; font_container=&#8221;tag:h2|text_align:left|color:%233b81bf&#8221; google_fonts=&#8221;font_family:Arimo%3Aregular%2Citalic%2C700%2C700italic|font_style:400%20regular%3A400%3Anormal&#8221;][vc_column_text]A Ravent Ipari Kft. a porlev\u00e1laszt\u00e1st\u00f3l &#8211; az ipari l\u00e9gtechnik\u00e1n kereszt\u00fcl &#8211; a kl\u00edma technik\u00e1t is mag\u00e1ban foglal\u00f3 feladatok megold\u00e1s\u00e1ra szakosodott, sz\u00e9lesk\u00f6r\u0171 referenci\u00e1kkal rendelkez\u0151\u00a0 szakc\u00e9g. C\u00e9lunk \u00a0a megrendel\u0151 probl\u00e9m\u00e1inak gazdas\u00e1gos, hat\u00e9kony megold\u00e1sa, de ezt nem felt\u00e9tlen\u00fcl \u00faj, k\u00f6lts\u00e9ges beruh\u00e1z\u00e1ssal, hanem egyedi m\u0171szaki megold\u00e1sokkal, esetleg a megl\u00e9v\u0151 berendez\u00e9sek&#8230;<\/p>\n","protected":false},"author":1,"featured_media":0,"parent":0,"menu_order":0,"comment_status":"closed","ping_status":"closed","template":"","meta":{"footnotes":""},"class_list":["post-76","page","type-page","status-publish","hentry"],"_links":{"self":[{"href":"https:\/\/ravent.hu\/index.php?rest_route=\/wp\/v2\/pages\/76","targetHints":{"allow":["GET"]}}],"collection":[{"href":"https:\/\/ravent.hu\/index.php?rest_route=\/wp\/v2\/pages"}],"about":[{"href":"https:\/\/ravent.hu\/index.php?rest_route=\/wp\/v2\/types\/page"}],"author":[{"embeddable":true,"href":"https:\/\/ravent.hu\/index.php?rest_route=\/wp\/v2\/users\/1"}],"replies":[{"embeddable":true,"href":"https:\/\/ravent.hu\/index.php?rest_route=%2Fwp%2Fv2%2Fcomments&post=76"}],"version-history":[{"count":17,"href":"https:\/\/ravent.hu\/index.php?rest_route=\/wp\/v2\/pages\/76\/revisions"}],"predecessor-version":[{"id":437,"href":"https:\/\/ravent.hu\/index.php?rest_route=\/wp\/v2\/pages\/76\/revisions\/437"}],"wp:attachment":[{"href":"https:\/\/ravent.hu\/index.php?rest_route=%2Fwp%2Fv2%2Fmedia&parent=76"}],"curies":[{"name":"wp","href":"https:\/\/api.w.org\/{rel}","templated":true}]}}